*c(r) - 6*l(r). Let p be f(27). Calculate the greatest common factor of 50 and p.
25
Let u(h) = 7*h - 9. Let g be u(7). Let z be 6/27 - 223/(-9). Suppose 15 + z = 5*v. Calculate the greatest common factor of v and g.
8
Let l be 107/3 + (-2)/3. Suppose 15 + l = 5*r. Let c be (2 - 96/51) + 5874/1513. Calculate the greatest common factor of c and r.
2
Let a = 226 + -213. Let r(l) = l**3 - l**2 + 5. Let p be r(0). Suppose 3*h - y - a = 2*h, p*h - 4*y = 64. What is the highest common divisor of 18 and h?
6
Let q be -42 + 0 + (-3 - -3). Let m be q + 4*4/16. Let a = 29 - m. Calculate the greatest common divisor of a and 14.
14
Let j = -57 - 24. Let d = j - -137. What is the greatest common divisor of 28 and d?
28
Let c be 4/10 - ((-5173)/5 + -1). What is the greatest common divisor of c and 84?
28
Let u(g) be the first derivative of -6*g**2 - 20*g - 4. Let w be u(-7). Let a = w + -30. What is the greatest common factor of 238 and a?
34
Suppose 0 = -8*p + 30 + 2. Suppose -4*s = -4*f + 92, s = -p + 3. What is the greatest common factor of 2 and f?
2
Let i(u) = 102*u - 6. Let l(d) = -102*d + 7. Let w(f) = -4*i(f) - 3*l(f). Let x be w(-1). Calculate the greatest common divisor of 15 and x.
15
Let k(c) = -33*c - 1. Let f be k(-1). Let j be 30078/189 - (-36)/42. Calculate the greatest common divisor of j and f.
32
Let i(p) = 11*p + 11. Let b be i(12). Suppose -2*s - 2*y - 70 = -4*s, -4*s + y = -b. Calculate the greatest common factor of s and 24.
12
Let r(b) = b**3 - b**2 + 5. Let n be r(0). Calculate the greatest common factor of n and 40.
5
Suppose 0 = -4*u + 3*c - 7*c + 100, 5*c + 127 = 4*u. Let r be 2/(-7) + (-2460)/(-35). What is the greatest common factor of r and u?
14
Suppose -44 = 15*b - 299. Let n be 204/(-9)*3/(-2). Calculate the highest common factor of n and b.
17
Suppose -50*g + 320 = -46*g. Calculate the greatest common factor of g and 40.
40
Let x(t) = -t + 6. Let o be x(7). Let h(k) = 4*k**2 - 2*k - 2. Let i be h(o). Calculate the greatest common divisor of 20 and i.
4
Suppose 3*k + 3*f = -2*k - 288, 2*k - 3*f + 132 = 0. Let w = 65 + k. Calculate the greatest common divisor of 15 and w.
5
Let h be (1170/260)/(2/336). Calculate the greatest common factor of h and 28.
28
Let c(w) = w**2 - 9*w + 17. Let m(n) = -2*n + 2. Let d be m(-3). Let g be c(d). Calculate the highest common divisor of g and 1.
1
Let b(g) = -113*g + 1123. Let x be b(7). Calculate the highest common factor of 12 and x.
4
Let s(v) = v**3 + 13*v**2 + 21*v - 1. Let u be s(-11). Suppose 6*i = 11*i - u. Calculate the greatest common divisor of 10 and i.
2
Suppose z - 5*z - 48 = 0. Let h(i) = -i**3 - 12*i**2 - i + 16. Let t be h(z). Let a = -17 + 59. Calculate the highest common factor of t and a.
14
Let b(y) = -y**2 - 3. Let t be b(0). Let q = t + 10. Let m be (-1 + q)*84/9. What is the highest common divisor of m and 7?
7
Let g(n) = -n**2 - 7*n - 12. Let z be g(-4). Suppose z = 5*l, -5*q - 4*l + 475 = l. Calculate the greatest common factor of q and 19.
19
Let i(h) = 12*h**2 + 1. Let g = 0 - -1. Let p be i(g). Suppose 0 = -71*b + 1844 + 2771. Calculate the highest common factor of p and b.
13
Suppose 3*t - 7*t + 88 = 0. Let r(d) = 9*d + t - 15*d + 5*d. Let c be r(16). What is the greatest common factor of c and 6?
6
Let p = 621 + -219. Calculate the greatest common divisor of p and 6.
6
Suppose -5*n - 135 = -8*n. Suppose 0 = 13*v - 12*v - n. What is the greatest common factor of v and 45?
45
Let k = 6 + -7. Let r = k - -1. Suppose r = 4*n - 0*n - 92. Calculate the greatest common divisor of 69 and n.
23
Let a = 4 + 4. Let r(k) = 3*k + 15. Let d(q) = 4*q - 9. Let f be d(3). Let x be r(f). Calculate the greatest common divisor of x and a.
8
Let l = -302 - -338. What is the greatest common divisor of l and 168?
12
Let m be ((-4)/14)/(9/(-63)). Let n(o) be the second derivative of o**3/6 + 9*o**2/2 + 2*o. Let j be n(-8). Calculate the greatest common divisor of j and m.
1
Let h = 331 - 319. What is the greatest common factor of 32 and h?
4
Let j(d) = -d**2 - 12*d - 4. Let g be j(-11). Suppose 0 = -g*a + 2*a + 765. Calculate the greatest common factor of a and 17.
17
Let g(w) = 4*w**3 - w**2 - 3*w - 2. Let s(j) = j**3 - j**2 - j. Let x(r) = -g(r) + 2*s(r). Let a be x(-2). Calculate the highest common divisor of 6 and a.
6
Let r = -16 + 21. Suppose -467 = 2*t - r*t + q, -2*t + 3*q + 309 = 0. Suppose -t = 3*k - 5*k. What is the greatest common divisor of 52 and k?
26
Let j be ((-6)/(-9))/((-2)/(-12)). Suppose z - 3*p = 21, 4*z + 3*p - j*p = 84. Let t be (-6)/(-4)*196/z. Calculate the greatest common divisor of t and 14.
14
Suppose -8*k + 30 = -7*k. Suppose 29 = 4*a + 5*r, -9 = 5*a + 2*r - 24. Suppose -i = -a - 5. What is the highest common divisor of i and k?
6
Let v be (-13)/(-26)*24 - -156. What is the highest common factor of v and 480?
24
Suppose -9*f - 1880 = -19*f. What is the greatest common divisor of 4 and f?
4
Let d(g) = -g**3 + 3*g**2 + 7*g + 3. Let r be d(-5). Suppose r = 3*o + 2*a, -5*o - 2*a = -a - 273. Calculate the greatest common divisor of 594 and o.
54
Let p be ((-8)/(-6))/(5/(-15)). Let j be (p/(8/6))/(-1). Suppose 3*r + r + 92 = 4*c, -r - j = 0. Calculate the highest common factor of c and 10.
10
Suppose o - f - 112 = -o, 3*o - f = 167. Let b = -119 + 136. Suppose -5*i + b = a - 4*i, 5*i = -25. Calculate the highest common factor of a and o.
11
Let m(v) = -2*v**3 + 5*v**2 + 2*v. Suppose -a = -k, -k + 6 = -0*k + 5*a. Let s be 8*1/(-3 + k). Let w be m(s). What is the greatest common divisor of 25 and w?
25
Suppose -155 = -3*z - 2*x + 2261, z - 828 = 5*x. Calculate the highest common factor of z and 32.
8
Let j = -34 + 103. Let t = j + -61. Calculate the highest common divisor of 56 and t.
8
Let v = -1599 + 1616. Calculate the greatest common factor of v and 272.
17
Let w(y) be the third derivative of y**4/8 - 5*y**3/3 - 2*y**2. Let o be w(10). Suppose 4*a - o = -a. Calculate the greatest common factor of 20 and a.
4
Let b(f) = 29*f**2 - 18*f - 42. Let y be b(-3). Calculate the highest common divisor of y and 3.
3
Suppose 4*i = 0, -5*w + 4*i - 105 = -0*i. Suppose 0 = 2*d + 10, 2*d - 12 = r + r. Let h = r - w. What is the highest common factor of 10 and h?
10
Let f be -1 - (2 - 1) - (1 - 6). Suppose -f*b = -3*x + 51, x + 4*b = -3*x + 84. What is the greatest common factor of x and 76?
19
Let a be (-16)/(-7) + 4/(-14). Let q be (-504)/238 - -2 - (-138)/17. Calculate the highest common factor of q and a.
2
Let g = 19 - 3. Suppose -4*y = -q + 3*q - 8, -3*y - 6 = 0. What is the highest common divisor of g and q?
8
Let z(h) = h**3 + 5*h**2 - h - 13. Let g be z(-5). Let o be 12*(70/g)/(-5). Calculate the highest common divisor of o and 7.
7
Suppose -2*i = -6 - 2. Let v be 1*(1 + 1) + i + 5. Calculate the highest common factor of 33 and v.
11
Suppose -10*v = -6*v + l - 1820, v = -4*l + 440. Calculate the greatest common factor of 24 and v.
24
Let s be (-2 - (-1)/(-4 - -5))*-33. Let x = s - -111. Calculate the greatest common factor of x and 16.
16
Suppose 3*z = -5*o + 54, 6 = 5*o - 3*z - 30. Calculate the highest common divisor of o and 15.
3
Suppose 2*f - 4*f - 17 = -3*y, -4*y + f = -21. Let g be y*3 + -7 + 5. What is the highest common factor of g and 26?
13
Let h be -5 - (3 - 24/4). Let u be (13/(-26))/(h/432). What is the highest common divisor of 27 and u?
27
Let a(w) = -10*w - 62. Let q be a(-8). Calculate the greatest common divisor of 54 and q.
18
Let o = 116 + 784. What is the greatest common factor of o and 45?
45
Let f = 83 + -76. Calculate the greatest common divisor of 77 and f.
7
Suppose -3*t + 1004 = 10*z - 6*z, 1678 = 5*t + 2*z. Calculate the highest common divisor of t and 42.
42
Let h be (-5)/20 - (-518)/(-8). Let q = h - -93. What is the greatest common factor of 14 and q?
14
Let v be (4 - 27)*-5 - -4*1. Calculate the greatest common factor of v and 14.
7
Let z be (-2)/(-5) + 552/20. Let n be (20/12)/((-15)/(-18)). Suppose -128 = -n*f + 4*d, 47 = -f + 4*d + 119. Calculate the highest common factor of z and f.
28
Suppose 4*c + 5 = -5*a, 0*c = -2*c - 5*a - 5. Let h(t) = t**3 - 2*t**2 + t + 32. Let x be h(c). Calculate the greatest common factor of x and 64.
32
Let v = 41 + -26. Let m = 63 - v. Suppose 3 = k, -b - 4*k - 1 = -25. What is the highest comm